{"id":8,"date":"2015-07-12T20:16:18","date_gmt":"2015-07-12T18:16:18","guid":{"rendered":"https:\/\/knappteich.de\/?page_id=8"},"modified":"2026-04-27T15:59:47","modified_gmt":"2026-04-27T13:59:47","slug":"knappteich-chemnitz","status":"publish","type":"page","link":"https:\/\/knappteich.de\/","title":{"rendered":"&#8222;Unser Knappteich&#8220;"},"content":{"rendered":"\n<div class=\"wp-block-media-text is-stacked-on-mobile\"><figure class=\"wp-block-media-text__media\"><a href=\"https:\/\/knappteich.de\/index.php\/2024\/09\/08\/10-jahre-unser-knappteich-ein-grund-zum-feiern\/\"><img loading=\"lazy\" decoding=\"async\" width=\"1024\" height=\"674\" src=\"https:\/\/knappteich.de\/wp-content\/uploads\/2019\/09\/Unser-Knappteich-Logo-RGB-1024x674.jpg\" alt=\"\" class=\"wp-image-2765 size-full\" srcset=\"https:\/\/knappteich.de\/wp-content\/uploads\/2019\/09\/Unser-Knappteich-Logo-RGB-1024x674.jpg 1024w, https:\/\/knappteich.de\/wp-content\/uploads\/2019\/09\/Unser-Knappteich-Logo-RGB-300x198.jpg 300w, https:\/\/knappteich.de\/wp-content\/uploads\/2019\/09\/Unser-Knappteich-Logo-RGB-768x506.jpg 768w, https:\/\/knappteich.de\/wp-content\/uploads\/2019\/09\/Unser-Knappteich-Logo-RGB-456x300.jpg 456w, https:\/\/knappteich.de\/wp-content\/uploads\/2019\/09\/Unser-Knappteich-Logo-RGB.jpg 1608w\" sizes=\"auto, (max-width: 1024px) 100vw, 1024px\" \/><\/a><\/figure><div class=\"wp-block-media-text__content\">\n<p>Die Projektgruppe &#8222;Unser Knappteich&#8220; im <a href=\"https:\/\/sdb-chemnitz.de\">Tr\u00e4gerverein SDB e.V.<\/a> widmet sich der Pflege und dem Erhalt des <a href=\"https:\/\/knappteich.de\/index.php\/das-projekt\/\">Stadtteilteiches<\/a>. Mit dem angrenzenden <a href=\"https:\/\/knappteich.de\/index.php\/unser-garten\/\">B\u00fcrgergarten<\/a> haben wir einen Begegnungsort f\u00fcr die Menschen im Stadtgebiet geschaffen.<\/p>\n<\/div><\/div>\n\n\n\n<p class=\"has-text-align-left\"><strong>TERMINE:<\/strong><\/p>\n\n\n\n<p class=\"has-text-align-left\"><strong>30.04.2026 &#8211; 18 Uhr &#8211; <a href=\"https:\/\/knappteich.de\/index.php\/2026\/02\/05\/vhs-klimatreff-besuch-im-buergergarten-am-knappteich\/\">VHS-Klimatreff<\/a> im B\u00fcrgergarten am Knappteich <br>30.04.2026 &#8211; ab 19 Uhr &#8211; Maifeuer im B\u00fcrgergarten am Knappteich<br>01.05.2026 &#8211; 10 Uhr &#8211; <a href=\"https:\/\/knappteich.de\/index.php\/2026\/02\/04\/em-knoedeltag-im-buergergarten-am-knappteich\/\">EM-Kn\u00f6deltag im B\u00fcrgergarten am Knappteich<\/a><br><\/strong>Unsere Jahresplanung f\u00fcr 2026 findet Ihr <a href=\"https:\/\/knappteich.de\/index.php\/2026\/01\/20\/knappteichtermine-2026\/\" data-type=\"link\" data-id=\"https:\/\/knappteich.de\/index.php\/2026\/01\/20\/knappteichtermine-2026\/\">HIER<\/a>.<br><br><strong>UNSERE ANGEBOTE F\u00dcR EUCH<\/strong><\/p>\n\n\n\n<div class=\"wp-block-media-text has-media-on-the-right is-stacked-on-mobile\"><div class=\"wp-block-media-text__content\">\n<p>Innerhalb der letzten Jahre Projektarbeit am Knappteich haben wir verschiedenste Angebote im Bildungs- und Sozialbereich entwickelt und ausprobiert und bieten Euch diese M\u00f6glichkeiten f\u00fcr eigene naturnahe Erlebnisse im urbanen Umfeld gern an. <br>Weitere Details dazu findet Ihr <a href=\"https:\/\/knappteich.de\/index.php\/2024\/07\/13\/angebote-von-unser-knappteich\/\" data-type=\"post\" data-id=\"5055\">hier<\/a>.<\/p>\n<\/div><figure class=\"wp-block-media-text__media\"><img loading=\"lazy\" decoding=\"async\" width=\"1024\" height=\"727\" src=\"https:\/\/knappteich.de\/wp-content\/uploads\/2024\/08\/Katalog_INTRO-1024x727.jpg\" alt=\"\" class=\"wp-image-5050 size-full\" srcset=\"https:\/\/knappteich.de\/wp-content\/uploads\/2024\/08\/Katalog_INTRO-1024x727.jpg 1024w, https:\/\/knappteich.de\/wp-content\/uploads\/2024\/08\/Katalog_INTRO-300x213.jpg 300w, https:\/\/knappteich.de\/wp-content\/uploads\/2024\/08\/Katalog_INTRO-768x546.jpg 768w, https:\/\/knappteich.de\/wp-content\/uploads\/2024\/08\/Katalog_INTRO-422x300.jpg 422w, https:\/\/knappteich.de\/wp-content\/uploads\/2024\/08\/Katalog_INTRO.jpg 1374w\" sizes=\"auto, (max-width: 1024px) 100vw, 1024px\" \/><\/figure><\/div>\n","protected":false},"excerpt":{"rendered":"<p>Die Projektgruppe &#8222;Unser Knappteich&#8220; im Tr\u00e4gerverein SDB e.V. widmet sich der Pflege und dem Erhalt des Stadtteilteiches. Mit dem angrenzenden B\u00fcrgergarten haben wir einen Begegnungsort f\u00fcr die Menschen im Stadtgebiet geschaffen. TERMINE: 30.04.2026 &#8211; 18 Uhr &#8211; VHS-Klimatreff im B\u00fcrgergarten &hellip; <a href=\"https:\/\/knappteich.de\/\">Weiterlesen <span class=\"meta-nav\">&rarr;<\/span><\/a><\/p>\n","protected":false},"author":8,"featured_media":0,"parent":0,"menu_order":0,"comment_status":"closed","ping_status":"closed","template":"","meta":{"footnotes":""},"class_list":["post-8","page","type-page","status-publish","hentry"],"_links":{"self":[{"href":"https:\/\/knappteich.de\/index.php\/wp-json\/wp\/v2\/pages\/8","targetHints":{"allow":["GET"]}}],"collection":[{"href":"https:\/\/knappteich.de\/index.php\/wp-json\/wp\/v2\/pages"}],"about":[{"href":"https:\/\/knappteich.de\/index.php\/wp-json\/wp\/v2\/types\/page"}],"author":[{"embeddable":true,"href":"https:\/\/knappteich.de\/index.php\/wp-json\/wp\/v2\/users\/8"}],"replies":[{"embeddable":true,"href":"https:\/\/knappteich.de\/index.php\/wp-json\/wp\/v2\/comments?post=8"}],"version-history":[{"count":199,"href":"https:\/\/knappteich.de\/index.php\/wp-json\/wp\/v2\/pages\/8\/revisions"}],"predecessor-version":[{"id":5919,"href":"https:\/\/knappteich.de\/index.php\/wp-json\/wp\/v2\/pages\/8\/revisions\/5919"}],"wp:attachment":[{"href":"https:\/\/knappteich.de\/index.php\/wp-json\/wp\/v2\/media?parent=8"}],"curies":[{"name":"wp","href":"https:\/\/api.w.org\/{rel}","templated":true}]}}

<div class="wp-block-media-text is-stacked-on-mobile"><figure class="wp-block-media-text__media"><a href="https://knappteich.de/index.php/2024/09/08/10-jahre-unser-knappteich-ein-grund-zum-feiern/"><img loading="lazy" decoding="async" width="1024" height="674" src="https://knappteich.de/wp-content/uploads/2019/09/Unser-Knappteich-Logo-RGB-1024x674.jpg" alt="" class="wp-image-2765 size-full" srcset="https://knappteich.de/wp-content/uploads/2019/09/Unser-Knappteich-Logo-RGB-1024x674.jpg 1024w, https://knappteich.de/wp-content/uploads/2019/09/Unser-Knappteich-Logo-RGB-300x198.jpg 300w, https://knappteich.de/wp-content/uploads/2019/09/Unser-Knappteich-Logo-RGB-768x506.jpg 768w, https://knappteich.de/wp-content/uploads/2019/09/Unser-Knappteich-Logo-RGB-456x300.jpg 456w, https://knappteich.de/wp-content/uploads/2019/09/Unser-Knappteich-Logo-RGB.jpg 1608w" sizes="auto, (max-width: 1024px) 100vw, 1024px" /></a></figure><div class="wp-block-media-text__content">
<p>Die Projektgruppe &#8222;Unser Knappteich&#8220; im <a href="https://sdb-chemnitz.de">Trägerverein SDB e.V.</a> widmet sich der Pflege und dem Erhalt des <a href="https://knappteich.de/index.php/das-projekt/">Stadtteilteiches</a>. Mit dem angrenzenden <a href="https://knappteich.de/index.php/unser-garten/">Bürgergarten</a> haben wir einen Begegnungsort für die Menschen im Stadtgebiet geschaffen.</p>
</div></div>



<p class="has-text-align-left"><strong>TERMINE:</strong></p>



<p class="has-text-align-left"><strong>30.04.2026 &#8211; 18 Uhr &#8211; <a href="https://knappteich.de/index.php/2026/02/05/vhs-klimatreff-besuch-im-buergergarten-am-knappteich/">VHS-Klimatreff</a> im Bürgergarten am Knappteich <br>30.04.2026 &#8211; ab 19 Uhr &#8211; Maifeuer im Bürgergarten am Knappteich<br>01.05.2026 &#8211; 10 Uhr &#8211; <a href="https://knappteich.de/index.php/2026/02/04/em-knoedeltag-im-buergergarten-am-knappteich/">EM-Knödeltag im Bürgergarten am Knappteich</a><br></strong>Unsere Jahresplanung für 2026 findet Ihr <a href="https://knappteich.de/index.php/2026/01/20/knappteichtermine-2026/" data-type="link" data-id="https://knappteich.de/index.php/2026/01/20/knappteichtermine-2026/">HIER</a>.<br><br><strong>UNSERE ANGEBOTE FÜR EUCH</strong></p>



<div class="wp-block-media-text has-media-on-the-right is-stacked-on-mobile"><div class="wp-block-media-text__content">
<p>Innerhalb der letzten Jahre Projektarbeit am Knappteich haben wir verschiedenste Angebote im Bildungs- und Sozialbereich entwickelt und ausprobiert und bieten Euch diese Möglichkeiten für eigene naturnahe Erlebnisse im urbanen Umfeld gern an. <br>Weitere Details dazu findet Ihr <a href="https://knappteich.de/index.php/2024/07/13/angebote-von-unser-knappteich/" data-type="post" data-id="5055">hier</a>.</p>
</div><figure class="wp-block-media-text__media"><img loading="lazy" decoding="async" width="1024" height="727" src="https://knappteich.de/wp-content/uploads/2024/08/Katalog_INTRO-1024x727.jpg" alt="" class="wp-image-5050 size-full" srcset="https://knappteich.de/wp-content/uploads/2024/08/Katalog_INTRO-1024x727.jpg 1024w, https://knappteich.de/wp-content/uploads/2024/08/Katalog_INTRO-300x213.jpg 300w, https://knappteich.de/wp-content/uploads/2024/08/Katalog_INTRO-768x546.jpg 768w, https://knappteich.de/wp-content/uploads/2024/08/Katalog_INTRO-422x300.jpg 422w, https://knappteich.de/wp-content/uploads/2024/08/Katalog_INTRO.jpg 1374w" sizes="auto, (max-width: 1024px) 100vw, 1024px" /></figure></div>

<p>Die Projektgruppe &#8222;Unser Knappteich&#8220; im Trägerverein SDB e.V. widmet sich der Pflege und dem Erhalt des Stadtteilteiches. Mit dem angrenzenden Bürgergarten haben wir einen Begegnungsort für die Menschen im Stadtgebiet geschaffen. TERMINE: 30.04.2026 &#8211; 18 Uhr &#8211; VHS-Klimatreff im Bürgergarten &hellip; <a href="https://knappteich.de/">Weiterlesen <span class="meta-nav">&rarr;</span></a></p>
