{"id":21,"date":"2015-07-12T21:06:10","date_gmt":"2015-07-12T19:06:10","guid":{"rendered":"https:\/\/knappteich.de\/?page_id=21"},"modified":"2015-07-13T14:30:49","modified_gmt":"2015-07-13T12:30:49","slug":"pflanzenwelt","status":"publish","type":"page","link":"https:\/\/knappteich.de\/index.php\/pflanzenwelt\/","title":{"rendered":"Pflanzenwelt"},"content":{"rendered":"<p>Um und in unserem Teich wachsen viele verschiedene Pflanzen. Einige m\u00f6chten wir hier kurz vorstellen.<\/p>\n<p><a href=\"https:\/\/de.wikipedia.org\/wiki\/Weiden_%28Botanik%29\" target=\"_blank\"><strong>Weiden<\/strong><\/a><br \/>\nDer Knappteich ist von etlichen Weiden umringt. Weiden wachsen vorzugsweise auf lockeren feuchten B\u00f6den an Gew\u00e4ssern. Diese B\u00e4ume heben sich durch ihre herabh\u00e4ngenden \u00c4ste, auch als Trauerform bezeichnet, vom umliegenden Baumbestand ab und umrahmen das Teichgel\u00e4nde. Sie geben dem Knappteich an den asiatischen Raum erinnernde Optik.<\/p>\n<p><a href=\"https:\/\/de.wikipedia.org\/wiki\/Brennnesseln\" target=\"_blank\"><strong>Brennnessel<\/strong><\/a><br \/>\nF\u00fcr viele Menschen als unangenehmes Gew\u00e4chs schnell aus den gepflegten G\u00e4rten entfernt findet dies am Knappteich noch seine Daseinsberechtigung. Die Brennnesselpflanzen sind Nahrungsgrundlage f\u00fcr die Raupen sehr vieler Schmetterlingsarten. In Zeiten gro\u00dfer Armut nutzen auch Menschen die jungen Brennnesseltriebe als Blattgem\u00fcse.<\/p>\n<p><a href=\"https:\/\/de.wikipedia.org\/wiki\/Narzissen\" target=\"_blank\"><strong>Narzissen<\/strong><\/a><br \/>\nDie im April in voller Bl\u00fcte stehenden Narzissen wurden entlang des Wohnblocks in einer dichten Reihe gesetzt. Die Bl\u00fctenpracht gibt dem Knappteich im noch grauen Fr\u00fchling die ersten Farbtupfer.<\/p>\n<p><a href=\"https:\/\/de.wikipedia.org\/wiki\/Gras\" target=\"_blank\"><strong>Gras<\/strong><\/a><br \/>\nAm Ufergel\u00e4nde wachsen viele Gr\u00e4ser und eine sehr belastbare Grassorte. Als Nahrungsgrundlage, Baumaterial und Schutz f\u00fcr unz\u00e4hlige Tiere ist das Gras sehr sehr wichtig. Beim n\u00e4chsten Schritt ins gr\u00fcn einfach mal Augen offen halten.<\/p>\n<p><a href=\"https:\/\/de.wikipedia.org\/wiki\/Schilfrohr\" target=\"_blank\"><strong>Schilfrohr<\/strong><\/a><br \/>\nIm seichten sumpfigen Bereich des Zuflusses zum Knappteich hat sich eine sehr gro\u00dfe Schilfecke gebildet. Als R\u00fcckzugsort und Brutst\u00e4tte wir dies gern von den Wasserv\u00f6geln genutzt.<\/p>\n","protected":false},"excerpt":{"rendered":"<p>Um und in unserem Teich wachsen viele verschiedene Pflanzen. Einige m\u00f6chten wir hier kurz vorstellen. Weiden Der Knappteich ist von etlichen Weiden umringt. Weiden wachsen vorzugsweise auf lockeren feuchten B\u00f6den an Gew\u00e4ssern. Diese B\u00e4ume heben sich durch ihre herabh\u00e4ngenden \u00c4ste, &hellip; <a href=\"https:\/\/knappteich.de\/index.php\/pflanzenwelt\/\">Weiterlesen <span class=\"meta-nav\">&rarr;<\/span><\/a><\/p>\n","protected":false},"author":8,"featured_media":0,"parent":0,"menu_order":0,"comment_status":"closed","ping_status":"closed","template":"","meta":{"footnotes":""},"class_list":["post-21","page","type-page","status-publish","hentry"],"_links":{"self":[{"href":"https:\/\/knappteich.de\/index.php\/wp-json\/wp\/v2\/pages\/21","targetHints":{"allow":["GET"]}}],"collection":[{"href":"https:\/\/knappteich.de\/index.php\/wp-json\/wp\/v2\/pages"}],"about":[{"href":"https:\/\/knappteich.de\/index.php\/wp-json\/wp\/v2\/types\/page"}],"author":[{"embeddable":true,"href":"https:\/\/knappteich.de\/index.php\/wp-json\/wp\/v2\/users\/8"}],"replies":[{"embeddable":true,"href":"https:\/\/knappteich.de\/index.php\/wp-json\/wp\/v2\/comments?post=21"}],"version-history":[{"count":3,"href":"https:\/\/knappteich.de\/index.php\/wp-json\/wp\/v2\/pages\/21\/revisions"}],"predecessor-version":[{"id":109,"href":"https:\/\/knappteich.de\/index.php\/wp-json\/wp\/v2\/pages\/21\/revisions\/109"}],"wp:attachment":[{"href":"https:\/\/knappteich.de\/index.php\/wp-json\/wp\/v2\/media?parent=21"}],"curies":[{"name":"wp","href":"https:\/\/api.w.org\/{rel}","templated":true}]}}